e
Suppose y = -3*d - 0*d + 10, -d + y + 10 = 0. Suppose r = -d*r - 108. Let t(h) = h**2 - 7*h - 1. Is t(r) a composite number?
False
Suppose 5*z = 3*z + 4. Suppose 2*p - 3 = 7, z*w - 528 = -2*p. Let v = 440 - w. Is v a composite number?
False
Suppose 10*f + 10*f - 4198598 = -1299858. Is f composite?
True
Suppose -71*w + 1204975 = 2*x - 74*w, -2*x = -2*w - 1204976. Is x composite?
False
Let y(l) = 83*l**2 - 163*l - 271. Is y(-24) a prime number?
True
Let i be (-4)/(3 + -15)*3. Let a be (i + -3 + 1)*-4 - 1. Suppose -4*f + 7*f = -a*j + 462, -3*f + 15 = 0. Is j prime?
True
Let v = -75 - -77. Suppose 3*s - 84 + 23 = -2*h, 0 = -2*h + v*s + 76. Is h composite?
True
Let m = -14717 - -27825. Suppose m = -4*u - f + 40815, 6926 = u + f. Is u composite?
True
Suppose 0 = 6*u - 5*u - 2100. Suppose -2*k - 529 = -o - u, -2*k - 2*o = -1562. Let d = k + -533. Is d a composite number?
False
Let g(h) = -h**2 - 16*h - 67. Let x be g(-9). Is (-104267)/x - (-2)/8 a prime number?
False
Is ((-140285)/(-20))/((39/(-468))/(1/(-3))) a prime number?
True
Let c(x) = 6*x**2 - 16*x**3 + 3*x + 3*x + 12*x**3 - 2*x. Let g be c(-7). Suppose -9*r + 1863 = -g. Is r composite?
False
Let d = -233 + 238. Suppose d*j - 4*j + 4*r = 12077, 0 = -3*j + r + 36179. Is j a composite number?
True
Suppose 0 = 352*j + 165*j - 2987743. Is j a composite number?
False
Suppose 0 = -5*l + h + 429443, 5207 = 2*l - 3*h - 166565. Is l a composite number?
False
Suppose a + 52675 = 6*a - 5*i, 3*i + 42134 = 4*a. Is a a composite number?
False
Suppose 14*l - 16*l = 1734. Is (-10924965)/l + 4/34 a prime number?
True
Let x(r) = 8*r**2 - 37*r + 16. Let h be x(19). Let y = h - -1310. Is y composite?
False
Let m be 1 - (3 + -5 - 57). Suppose 0*b = -5*b + m. Suppose -b*d + 2*d + 3530 = 0. Is d a prime number?
True
Let u be 68412/44 + 4/22. Let q = 431 - u. Let b = q + 1643. Is b a composite number?
True
Let n(k) = 70 - 36 - 5 - 4 + 5*k**2 + 11*k. Suppose 0 = -2*s - 2, 0 = -2*t - 0*s - 5*s - 23. Is n(t) a prime number?
True
Let d = 722 + -406. Let v = d + -23. Is v a composite number?
False
Let z = 33 - 27. Suppose -z*s - 3*s = -27. Suppose u - 422 = 6*b - 11*b, 1206 = s*u + 3*b. Is u composite?
False
Let z(o) be the second derivative of -347*o**3/6 + 11*o**2/2 - o. Let s(r) = -3*r**2 - 3*r - 4. Let b be s(-1). Is z(b) composite?
False
Is ((-191402)/3)/(22/(-55) - 28/105) a composite number?
False
Let g(k) = 223*k**3 + 38*k**2 - 123*k - 29. Is g(23) prime?
False
Let d be 28 - ((-248)/(-88) + (-4)/(-22)). Let j(n) = -n**3 + 33*n**2 - 13*n - 30. Is j(d) a prime number?
False
Let p(h) be the third derivative of -h**6/60 - 19*h**5/60 + 13*h**4/24 + 89*h**3/6 + 151*h**2 + 2. Is p(-22) a composite number?
False
Let n(b) = -6*b + 5. Let p be n(0). Suppose -5*q - p*x + 2356 = -2*q, 5*x = q - 792. Is q a composite number?
False
Let b be 6*-1 - 3/(6/5254). Let z = -819 - b. Is z prime?
False
Let b(f) = 95*f**2 - 92*f + 146. Is b(67) a prime number?
False
Let p(i) = 5*i**3 - 4*i**3 - 6*i**2 + 6*i - 3 + 0*i**3 + 2*i**2. Let v be p(3). Is 2/v - 8928/(-27) composite?
False
Is (2384845/34)/(2*4/16) composite?
True
Is (73827/(-78))/((-2)/4) a composite number?
True
Suppose g - 5*l = -7, 17*g + 2*l = 20*g + 47. Is -6389*(g - -16)/(1 + 0) composite?
False
Let h(j) = 5645*j - 2567. Is h(8) composite?
True
Let f(l) = 147*l + 14. Suppose 0 = -b - 2*v + 1, -4*v - 40 = -18*b + 14*b. Is f(b) a prime number?
False
Let q(c) = 51966*c - 247. Is q(5) a prime number?
True
Let d = -165 - -40. Let w = 264 + d. Is w prime?
True
Let t be (1 - 2) + 1*(1 - 2). Let x be ((-2628)/54)/((-16)/(-6) + t). Let h = 164 - x. Is h composite?
True
Let r = 726 + -682. Let k(c) = 2*c**2 + 167*c - 17. Is k(r) composite?
True
Is (-9 + (-68)/(-8))*(-151842 - -8) a composite number?
True
Let u = 37 + 27. Suppose f = 4*j - 2*f - u, 4*j + 4*f = 36. Is j + -15 + -421*(2 - 3) a composite number?
False
Let b(j) = -j + 16. Let u be b(12). Suppose 5*f - 554 = 5*r + 121, -5*r = -u*f + 541. Suppose v - 3*n = 908, 2*n - 2601 = -3*v + f. Is v prime?
True
Let s = -11154 + 33619. Suppose 2*y + t = 64, 2*y = 4*y - 3*t - 64. Suppose s = y*d - 27*d. Is d a composite number?
False
Let v = 64 - 56. Suppose 12*y - v*y + 3780 = 0. Let f = y - -2026. Is f prime?
False
Suppose -4*o - i + 1121334 = -2135422, -o + 3*i = -814163. Is o prime?
False
Suppose 0 = 5*o - 3*o + 10, 0 = 2*u + 2*o - 654120. Is u a prime number?
False
Let i = -398 + 398. Suppose -6*y - 7841 + 72671 = i. Is y prime?
False
Let f(x) = 2*x**3 - 13*x**2 - 24*x + 8. Suppose 9*l = 11*l - 36. Let b be f(l). Suppose -5*t + 792 + b = 5*i, 0 = 2*i + 5*t - 3137. Is i a prime number?
False
Let o = -63 + 63. Let p(h) = -h**2 - 3*h + 540. Let v(z) = 2*z**2 + 7*z - 1081. Let y(a) = 5*p(a) + 2*v(a). Is y(o) a composite number?
True
Let a(m) = 43822*m**3 - 3*m**2 - m + 3. Suppose 2 = 7*d - 5. Let v be a(d). Is 16/(-6)*v/(-108) composite?
True
Suppose 5*k + g = 144149, -k + g + 28706 + 119 = 0. Is k a prime number?
False
Let q be (-2)/1 + -9*12/(-9). Let l be (-21)/(-5) + ((-12)/q - -1). Suppose -3*a - l*m = -1221, 1052 + 575 = 4*a + 5*m. Is a composite?
True
Let f be 40/25 - (-7)/(105/6). Let n be (-1 - 5/(-4))*f*0. Suppose 9*q - 7222 - 1643 = n. Is q composite?
True
Let b = -224 - -232. Suppose k + 3*o = 6301, 5*k - 10*o = -b*o + 31437. Is k composite?
True
Let d(z) = -16 + 45*z**2 + 6*z - 17 - 43*z**2. Let x be 7/(-14)*-1*18. Is d(x) prime?
False
Let v(p) = -69*p. Let g(u) = -70*u + 1. Let i(a) = -3*g(a) + 4*v(a). Let r be i(-1). Is (-1)/9 - (-333718)/r a composite number?
False
Is (5 + 145*-152 + 5)/(-2) a composite number?
True
Suppose 314235 = 26*l + 942473. Is 81/27 - (-6 + 3 + l) a prime number?
True
Is 1/4*40/55 + 154675736/2024 a composite number?
False
Let j be 176505/(-12) + 4 + (-26)/8. Let s = j + 21640. Suppose -17*v - s = -21*v. Is v a composite number?
False
Let m = -87 + 91. Suppose m*v + 3*g - g = 98, -v + 26 = 2*g. Is 4/((-32)/452)*(2 - v) composite?
True
Let t(z) = 136*z**2 + 21*z + 19. Let k be 7/(-2) - (-18)/12 - 4. Is t(k) a composite number?
False
Suppose 64 = 15*q + q. Suppose q*t - 7554 = -2*t. Is t composite?
False
Let g = -291 + 775. Suppose -g*v = -488*v + 32588. Is v composite?
False
Is ((-2234063)/(-78))/((-3)/12)*(-6)/4 composite?
False
Let j be (-4 - (-2 - -1)) + 645/(-43). Is ((j/(-15))/((-12)/(-19640)))/2 a prime number?
False
Suppose 24 = 2*i + 16. Let v(y) = 27 + 22*y - 29*y - 12*y**2 + 13*y - i*y**3. Is v(-10) a composite number?
False
Suppose 61 = 2*r + 4*s + 21, 2*r + s - 37 = 0. Let q = -33 + r. Is ((-6)/45)/1 + (-29267)/q a composite number?
False
Suppose 2*d - 2 = 3*i - i, -4*d - i + 19 = 0. Suppose 0 = d*w + w - 3265. Is w composite?
False
Suppose -4*a + 5*b + 10532235 - 2862640 = 0, 2*b = 3*a - 5752198. Suppose -16*q - 24*q = -a. Is q prime?
False
Let u be (-63)/12*(-80)/15. Suppose 2 = -2*n - 5*z, -z + 2*z = -5*n - u. Is (-3)/n*-3 + (-1642)/(-4) a composite number?
False
Let g = 2714500 - 1825899. Is g a composite number?
True
Let p(n) = 195489*n**2 + 1065*n + 2125. Is p(-2) prime?
True
Let u(z) = -16*z - 67. Let g be u(-5). Suppose -g*i = 4*i - 135507. Is i a prime number?
False
Let s be 3 + 13/(-4) + 31/(-4). Let d be 3*(4/s)/(2/(-4)). Suppose 0*b = -2*b - 3*u + 625, -3*u + 942 = d*b. Is b composite?
False
Let y(m) = m**3 + 7*m**2 - 5*m + 47. Let c be y(-8). Suppose 4*a + 20501 = c*a. Is a a composite number?
True
Let y = 8 - 6. Suppose -5*b + 702 = 107. Suppose -b = -y*h + 39. Is h composite?
False
Let q(y) = 5090*y**3 + 6*y**2 - 2*y - 1. Suppose 42*j = 9*j + 66. Is q(j) prime?
True
Suppose -2 = 3*p - 4*p. Suppose 4*y + t = 15, 5*t = 2*y + p*y - 21. Suppose y*v = -v + 1325. Is v composite?
True
Suppose -7*g + 0*g + 350 = 0. Let p be g + 4 + (-1 - -1). Suppose 53*t + 127 = p*t. Is t composite?
False
Let f(u) = 8*u**2 - 4*u - 29. Let s(j) = 2*j**3 - 12*j**2 + 2*j - 9. Let c be s(6). Suppose k - c*k = 3*t - 3, -3*t - 60 = -5*k. Is f(k) prime?
False
Let p = 52 + 555. Let b = 1220 - p. Is b composite?
False
Let p be 6/(-15) + 18/(-30) + 112. Suppose -120*i = -p*i - 14589. Is i a composite number?
False
Let h(j) = -j**3 - 11*j**2 + 6*j + 4. Let u be h(-12). Let r = u + -60. Is 11340/r + (-3)/(-12) composite?
False
Suppose -7*x + 5041021 = -4*w, -4*x - 15*w + 2880622 = -13*w. Is x a com